nd 1632?
51
What is the greatest common divisor of 333 and 288?
9
What is the greatest common factor of 48 and 54?
6
Calculate the highest common factor of 93 and 1829.
31
Calculate the greatest common factor of 48 and 12336.
48
Calculate the highest common divisor of 469 and 5025.
67
What is the greatest common divisor of 441 and 3843?
63
Calculate the highest common factor of 2015 and 93.
31
What is the highest common factor of 14 and 322?
14
What is the highest common factor of 184 and 621?
23
What is the highest common factor of 5402 and 584?
146
Calculate the greatest common factor of 22 and 25630.
22
Calculate the highest common factor of 12592 and 32.
16
What is the highest common factor of 209 and 77?
11
What is the greatest common divisor of 40 and 210?
10
Calculate the highest common divisor of 1247 and 29.
29
Calculate the greatest common divisor of 99 and 18.
9
Calculate the highest common divisor of 36 and 12.
12
What is the highest common divisor of 57 and 152?
19
Calculate the highest common factor of 35 and 448.
7
What is the highest common divisor of 408 and 136?
136
What is the highest common divisor of 1110 and 3?
3
Calculate the highest common factor of 1025 and 100.
25
Calculate the highest common divisor of 36 and 27.
9
Calculate the greatest common factor of 6 and 1278.
6
Calculate the greatest common factor of 1133 and 660.
11
What is the greatest common divisor of 1763 and 387?
43
What is the greatest common divisor of 3388 and 2464?
308
Calculate the greatest common divisor of 3 and 150.
3
What is the highest common factor of 140 and 4960?
20
Calculate the highest common divisor of 124 and 256.
4
What is the highest common divisor of 90 and 405?
45
Calculate the highest common divisor of 625 and 3725.
25
Calculate the greatest common factor of 216 and 48.
24
What is the greatest common factor of 21 and 7014?
21
What is the greatest common factor of 27 and 351?
27
What is the greatest common factor of 464 and 296?
8
What is the greatest common divisor of 88 and 25388?
44
Calculate the greatest common factor of 262 and 2.
2
Calculate the highest common divisor of 5 and 2285.
5
What is the highest common divisor of 18 and 522?
18
Calculate the highest common factor of 715 and 65.
65
What is the greatest common divisor of 14 and 322?
14
What is the highest common divisor of 54 and 2250?
18
Calculate the greatest common factor of 6 and 138.
6
What is the greatest common divisor of 1791 and 2587?
199
Calculate the greatest common divisor of 28 and 497.
7
What is the highest common factor of 2440 and 500?
20
What is the greatest common divisor of 61 and 2257?
61
Calculate the greatest common divisor of 1048 and 64.
8
What is the greatest common divisor of 7254 and 1395?
279
Calculate the highest common factor of 320 and 5.
5
Calculate the highest common divisor of 88 and 836.
44
What is the greatest common divisor of 20 and 92?
4
Calculate the highest common divisor of 43 and 989.
43
What is the greatest common divisor of 4367 and 11?
11
Calculate the greatest common divisor of 209 and 11.
11
Calculate the greatest common factor of 636 and 23373.
159
What is the greatest common divisor of 16 and 21232?
16
What is the greatest common factor of 110 and 80?
10
What is the greatest common divisor of 4880 and 30?
10
Calculate the highest common factor of 9 and 6120.
9
What is the highest common divisor of 14 and 1911?
7
What is the highest common factor of 72 and 888?
24
Calculate the highest common factor of 196 and 756.
28
Calculate the highest common divisor of 255 and 13515.
255
Calculate the highest common factor of 108 and 393.
3
What is the greatest common factor of 306 and 102?
102
What is the highest common divisor of 2385 and 153?
9
What is the highest common divisor of 34 and 4794?
34
Calculate the greatest common divisor of 120 and 15.
15
Calculate the greatest common factor of 40 and 110.
10
Calculate the highest common factor of 414 and 690.
138
What is the highest common divisor of 64 and 3776?
64
Calculate the greatest common factor of 1 and 61.
1
What is the highest common divisor of 6550 and 225?
25
What is the greatest common factor of 1390 and 20?
10
Calculate the greatest common factor of 3924 and 12.
12
Calculate the highest common divisor of 2 and 4742.
2
Calculate the highest common divisor of 80 and 10420.
20
Calculate the highest common divisor of 8 and 674.
2
Calculate the highest common factor of 975 and 75.
75
What is the highest common factor of 128 and 8000?
64
What is the highest common factor of 19 and 15?
1
What is the highest common factor of 5040 and 1050?
210
Calculate the greatest common factor of 385 and 605.
55
Calculate the highest common divisor of 357 and 1547.
119
Calculate the highest common divisor of 136 and 64.
8
Calculate the highest common divisor of 39 and 182.
13
What is the highest common divisor of 14 and 854?
14
What is the highest common factor of 932 and 6?
2
Calculate the greatest common factor of 14058 and 198.
198
What is the highest common factor of 184 and 943?
23
What is the greatest common factor of 319 and 11?
11
What is the greatest common divisor of 19 and 9671?
19
What is the highest common divisor of 680 and 544?
136
What is the greatest common divisor of 6493 and 906?
151
Calculate the highest common divisor of 40 and 88.
8
What is the greatest common factor of 15833 and 142?
71
Calculate the highest common factor of 75 and 85.
5
What is the greatest common factor of 14952 and 8?
8
What is the greatest common factor of 195 and 165?
15
What is the highest common divisor of 286 and 104?
26
Calculate the greatest common factor of 248 and 217.
31
Calculate the highest common factor of 23 and 36110.
23
What is the highest common divisor of 18 and 1926?
18
Calculate the highest common factor of 41 and 123.
41
What is the highest common factor of 277 and 7?
1
What is the greatest common divisor of 76 and 38?
38
Calculate the highest common divisor of 29786 and 318.
106
Calculate the highest common factor of 500 and 700.
100
What is the highest common factor of 384 and 120?
24
Calculate the greatest common factor of 441 and 343.
49
Calculate the greatest common factor of 124 and 3906.
62
Calculate the greatest common divisor of 99 and 63.
9
What is the highest common divisor of 11066 and 22?
22
Calculate the highest common factor of 840 and 42.
42
Calculate the highest common divisor of 1562 and 22.
22
Calculate the greatest common factor of 2352 and 132.
12
Calculate the greatest common divisor of 91 and 14287.
91
Calculate the highest common divisor of 76 and 1748.
76
What is the greatest common divisor of 100 and 8?
4
What is the greatest common factor of 1536 and 3648?
192
Calculate the greatest common divisor of 45 and 18315.
45
What is the highest common factor of 114 and 726?
6
What is the highest common divisor of 488 and 128?
8
What is the highest common factor of 1 and 8?
1
Calculate the greatest common divisor of 100 and 230.
10
Calculate the greatest common factor of 5208 and 420.
84
What is the highest common divisor of 2 and 58?
2
What is the highest common divisor of 1957 and 38?
19
Calculate the greatest common factor of 774 and 18.
18
Calculate the highest common divisor of 68 and 20.
4
Calculate the greatest common divisor of 304 and 114.
38
What is the greatest common divisor of 2151 and 9?
9
What is the greatest common divisor of 860 and 4?
4
What is the highest common factor of 22 and 6182?
22
Calculate the greatest common factor of 1458 and 27.
27
What is the highest common factor of 414 and 5202?
18
What is the highest common factor of 2550 and 375?
75
What is the highest common divisor of 803 and 1971?
73
What is the greatest common factor of 4464 and 288?
144
What is the highest common factor of 306 and 234?
18
Calculate the highest common divisor of 4 and 2660.
4
Calculate the greatest common factor of 600 and 9720.
120
Calculate the greatest common factor of 434 and 28.
14
What is the highest common factor of 442 and 986?
34
Calculate the highest common divisor of 6 and 1458.
6
Calculate the greatest common divisor of 3190 and 88.
22
What is the highest common factor of 9 and 16?
1
Calculate the greatest common divisor of 912 and 48.
48
